{"id":10355,"date":"2023-04-07T14:21:18","date_gmt":"2023-04-07T13:21:18","guid":{"rendered":"https:\/\/leominicar.de\/?page_id=10355"},"modified":"2023-05-12T15:27:49","modified_gmt":"2023-05-12T15:27:49","slug":"uber-uns-2","status":"publish","type":"page","link":"https:\/\/leominicar.de\/?page_id=10355","title":{"rendered":"\u00dcber uns"},"content":{"rendered":"\t\t<div data-elementor-type=\"wp-page\" data-elementor-id=\"10355\" class=\"elementor elementor-10355\">\n\t\t\t\t\t\t\t\t\t<section class=\"elementor-section elementor-top-section elementor-element elementor-element-5f624d1d elementor-section-boxed elementor-section-height-default elementor-section-height-default\" data-id=\"5f624d1d\" data-element_type=\"section\">\n\t\t\t\t\t\t<div class=\"elementor-container elementor-column-gap-default\">\n\t\t\t\t\t<div class=\"elementor-column elementor-col-100 elementor-top-column elementor-element elementor-element-79422480\" data-id=\"79422480\" data-element_type=\"column\">\n\t\t\t<div class=\"elementor-widget-wrap elementor-element-populated\">\n\t\t\t\t\t\t\t\t<div class=\"elementor-element elementor-element-600585ab elementor-widget elementor-widget-text-editor\" data-id=\"600585ab\" data-element_type=\"widget\" data-widget_type=\"text-editor.default\">\n\t\t\t\t<div class=\"elementor-widget-container\">\n\t\t\t<style>\/*! elementor - v3.14.0 - 26-06-2023 *\/\n.elementor-widget-text-editor.elementor-drop-cap-view-stacked .elementor-drop-cap{background-color:#69727d;color:#fff}.elementor-widget-text-editor.elementor-drop-cap-view-framed .elementor-drop-cap{color:#69727d;border:3px solid;background-color:transparent}.elementor-widget-text-editor:not(.elementor-drop-cap-view-default) .elementor-drop-cap{margin-top:8px}.elementor-widget-text-editor:not(.elementor-drop-cap-view-default) .elementor-drop-cap-letter{width:1em;height:1em}.elementor-widget-text-editor .elementor-drop-cap{float:left;text-align:center;line-height:1;font-size:50px}.elementor-widget-text-editor .elementor-drop-cap-letter{display:inline-block}<\/style>\t\t\t\t<!-- wp:heading {\"level\":5} -->\n<h5 class=\"wp-block-heading\" style=\"text-align: left;\">Seit unserer Firmengr\u00fcndung im Jahre <span style=\"color: #3366ff;\">2007<\/span> fahren wir unsere Fahrg\u00e4ste g\u00fcnstig, zuverl\u00e4ssig und sicher. Dies spricht sich herum und zahlreiche Stammkunden vertrauen heute auf uns. Um diesen Anforderungen gerecht zu werden, ist unser Fuhrpark mittlerweile auf 5 moderne und gut ausgestattete Fahrzeuge angewachsen. Dabei konzentrieren wir uns nicht nur auf Fahrten in Leonberg und Umgebung, sondern bringen Sie auch bequem und sicher zum Flughafen, zum Hauptbahnhof, zum Arzt oder zu den verschiedenen \u00c4mtern und selbstverst\u00e4ndlich holen wir Sie dort auch gerne wieder ab. Unser Anspruch ist, Sie sicher, zuverl\u00e4ssig, p\u00fcnktlich, freundlich in einem sauberen und technisch einwandfreien Fahrzeug von einem Ort zum anderen zu fahren. Hierf\u00fcr stehen wir und daran lassen wir uns gerne messen.<br \/>Ihr <span style=\"color: #3366ff;\">Leo Mini Car Team<\/span><\/h5>\n<!-- \/wp:heading -->\t\t\t\t\t\t<\/div>\n\t\t\t\t<\/div>\n\t\t\t\t\t<\/div>\n\t\t<\/div>\n\t\t\t\t\t\t\t<\/div>\n\t\t<\/section>\n\t\t\t\t\t\t\t<\/div>\n\t\t","protected":false},"excerpt":{"rendered":"Seit unserer Firmengr\u00fcndung im Jahre 2007 fahren wir unsere Fahrg\u00e4ste g\u00fcnstig, zuverl\u00e4ssig und sicher. Dies spricht sich herum und zahlreiche Stammkunden vertrauen heute auf uns. Um diesen Anforderungen gerecht zu werden, ist unser Fuhrpark mittlerweile auf 5 moderne und gut&#8230;","protected":false},"author":4,"featured_media":0,"parent":0,"menu_order":0,"comment_status":"closed","ping_status":"closed","template":"","meta":[],"_links":{"self":[{"href":"https:\/\/leominicar.de\/index.php?rest_route=\/wp\/v2\/pages\/10355"}],"collection":[{"href":"https:\/\/leominicar.de\/index.php?rest_route=\/wp\/v2\/pages"}],"about":[{"href":"https:\/\/leominicar.de\/index.php?rest_route=\/wp\/v2\/types\/page"}],"author":[{"embeddable":true,"href":"https:\/\/leominicar.de\/index.php?rest_route=\/wp\/v2\/users\/4"}],"replies":[{"embeddable":true,"href":"https:\/\/leominicar.de\/index.php?rest_route=%2Fwp%2Fv2%2Fcomments&post=10355"}],"version-history":[{"count":5,"href":"https:\/\/leominicar.de\/index.php?rest_route=\/wp\/v2\/pages\/10355\/revisions"}],"predecessor-version":[{"id":10564,"href":"https:\/\/leominicar.de\/index.php?rest_route=\/wp\/v2\/pages\/10355\/revisions\/10564"}],"wp:attachment":[{"href":"https:\/\/leominicar.de\/index.php?rest_route=%2Fwp%2Fv2%2Fmedia&parent=10355"}],"curies":[{"name":"wp","href":"https:\/\/api.w.org\/{rel}","templated":true}]}}